(k) = -38*k**3 - 40*k**2 - 2*k - 5. Determine l(-1).
-5
Let l(r) = -2*r**2 + 48*r - 386. Determine l(30).
-746
Let w(p) = -306*p**2 + 5816*p - 30. Determine w(19).
8
Let m(t) = 606*t - 24655. What is m(40)?
-415
Let t(u) = 4*u**2 - 235*u + 783. Calculate t(3).
114
Let j(w) = -w**3 + 207*w**2 + 191*w + 4433. Calculate j(208).
897
Let b(v) = 265623*v + 1328062. Calculate b(-5).
-53
Let a(g) = g**3 + 12*g**2 - 850*g - 13509. Give a(-24).
-21
Let n(r) = -31*r**3 + 2*r**2 + 2147*r + 6446. Determine n(-3).
860
Let z(m) = -17*m**2 - 145*m + 4423. Determine z(-21).
-29
Let j(b) = -b**3 + 17*b**2 + 148*b + 1666. What is j(-13)?
4812
Let n(f) = -1297*f + 55771. Give n(43).
0
Let i(p) = -2*p**3 - 249*p**2 + 3423*p - 184. Determine i(-137).
90
Let w(a) = a**3 - 7*a**2 + 4950*a - 19752. Calculate w(4).
0
Let c(o) = -2*o**3 + 53*o**2 + 123*o + 58. Give c(28).
1150
Let h(w) = -450697*w + 1802802. What is h(4)?
14
Let j(o) = 371*o - 24915. Determine j(66).
-429
Let j(o) = -2*o**3 + 89*o**2 + 334*o + 106. Give j(48).
10
Let x(r) = -r**3 + 133*r**2 - 1231*r - 10. Determine x(123).
-133
Let s(b) = -b**2 - 1697*b - 136939. Give s(-85).
81
Let q(u) = -265*u**2 - 15897*u + 203. Calculate q(-60).
23
Let z(y) = -29*y**3 + 140*y**2 + 19*y + 33. Determine z(5).
3
Let c(j) = -58773*j + 3702738. What is c(63)?
39
Let f(x) = 6*x**3 + 103*x**2 + 69*x + 8. Determine f(-17).
-876
Let d(v) = -16185*v - 97293. What is d(-6)?
-183
Let z(m) = m**3 - 730*m**2 - 3621*m - 585130. Determine z(736).
-10
Let b(u) = -7*u**3 + 23*u**2 + 8*u - 48. Determine b(6).
-684
Let h(v) = -6*v**3 - 105*v**2 - 14*v + 25. Calculate h(-18).
1249
Let g(u) = -u**3 + 29*u**2 + 288*u - 55. Calculate g(36).
1241
Let p(d) = -30*d**3 + 226*d**2 - 92*d - 201. Calculate p(7).
-61
Let b(r) = -6501*r - 643577. What is b(-99)?
22
Let h(s) = 22*s**3 + s**2 + 2*s - 6. Give h(2).
178
Let f(d) = 2*d**3 - 23*d**2 - 1186*d + 6412. Calculate f(-22).
76
Let a(f) = f**3 + 20*f**2 + 51*f + 134. Give a(-17).
134
Let w(f) = 5398*f + 43178. Give w(-8).
-6
Let x(r) = -342*r + 7568. Calculate x(22).
44
Let j(r) = 21345*r + 128080. What is j(-6)?
10
Let s(a) = -81*a**2 + 570*a. Calculate s(9).
-1431
Let v(y) = y**3 + 2140*y**2 + 25613*y + 905. Determine v(-12).
-19
Let g(u) = 3191*u - 1164712. What is g(365)?
3
Let l(q) = -222*q**3 - 45*q**2 - 3*q - 3. What is l(-2)?
1599
Let j(m) = -4242*m - 109745. What is j(-26)?
547
Let o(z) = 2*z**3 + 22*z**2 + 64*z + 407. Give o(-12).
-649
Let x(i) = -3*i**3 + 532*i**2 + 1461*i - 1962. Determine x(180).
1818
Let q(b) = 18279*b**2 - 785997*b - 32. Give q(43).
-32
Let a(s) = -5*s**3 + 29*s**2 - 5991*s + 23820. Determine a(4).
0
Let d(t) = -9*t**3 - t**2 + 22*t + 101. Give d(4).
-403
Let s(z) = 12869*z - 695064. What is s(54)?
-138
Let k(f) = 1597*f - 206025. Give k(129).
-12
Let s(n) = -60*n**2 + 1858*n - 92. Give s(30).
1648
Let h(d) = -d**3 - 7*d**2 - 17*d + 164. Calculate h(-9).
479
Let r(y) = -y**3 - 101*y**2 + 2297*y + 155287. Determine r(-109).
-38
Let j(n) = n**3 + 53*n**2 + 189*n - 342. Give j(-49).
1
Let r(o) = o**3 + 27*o**2 - 5776*o + 18766. Give r(-92).
-2
Let r(k) = 74813*k + 448865. Determine r(-6).
-13
Let x(s) = -1278608*s + 2557201. Calculate x(2).
-15
Let c(m) = 2734979*m - 6. Calculate c(0).
-6
Let n(w) = 6632*w**2 + 106108*w - 64. Give n(-16).
0
Let o(m) = -12*m**3 + 856*m**2 + 586*m - 232. Give o(72).
488
Let g(l) = l**3 + 100*l**2 - 287*l + 2010. Determine g(-103).
-256
Let m(t) = 160*t**3 - 101*t**2 + 92*t + 8. What is m(1)?
159
Let x(v) = -2*v**3 + 587*v**2 + 882*v + 1363. Determine x(295).
478
Let h(g) = 9043*g + 678221. Determine h(-75).
-4
Let w(i) = -4*i**3 - 121*i**2 - 446*i - 105. What is w(-26)?
-1
Let g(w) = w**3 + 227*w**2 + 3*w + 675. Give g(-227).
-6
Let u(x) = 325763*x - 1954566. What is u(6)?
12
Let y(t) = -t**2 + 691*t + 119576. Determine y(-143).
314
Let r(b) = 2*b**3 - 102*b**2 + 602*b + 513. Give r(44).
-103
Let a(n) = -n**3 + 28*n**2 + 1153*n - 14951. What is a(46)?
-1
Let p(w) = -51*w**3 - 6*w**2 - 281*w + 286. Calculate p(1).
-52
Let u(p) = -p**3 - 33*p**2 + 3672*p + 123671. What is u(-34)?
-21
Let z(y) = -3*y**3 - 1792*y**2 - 430*y + 98761. Calculate z(-597).
-938
Let o(c) = 173*c - 1226. Determine o(5).
-361
Let d(m) = m**2 - 1366*m + 12. Calculate d(0).
12
Let o(d) = -9513*d + 313558. Determine o(33).
-371
Let y(g) = 6617*g - 42524. Calculate y(6).
-2822
Let w(k) = 99533*k - 5872455. Determine w(59).
-8
Let v(p) = 85*p**2 - 12991*p - 83302. Calculate v(159).
14
Let c(t) = -8*t**3 + 2*t**2 - 255*t + 1004. What is c(4)?
-496
Let h(k) = -5122*k - 61546. Determine h(-12).
-82
Let b(f) = 9*f**2 - 1315*f + 11233. Give b(137).
-1
Let b(s) = 1023*s + 52253. Calculate b(-51).
80
Let u(r) = 3*r**3 + 76*r**2 + 241*r + 5400. Determine u(-25).
0
Let r(a) = 1969*a + 1073100. Calculate r(-545).
-5
Let p(d) = -1603*d**2 - 2*d - 13. Give p(0).
-13
Let m(h) = -11*h**3 - h**2 + 1602*h - 1594. Calculate m(1).
-4
Let k(l) = 37*l**2 - 831*l - 476. Determine k(23).
-16
Let w(s) = 149*s**2 + 247*s - 2. Determine w(-1).
-100
Let l(f) = -4*f**3 - 95*f**2 - 167*f - 160. Determine l(-22).
126
Let g(d) = -2087*d - 2116. What is g(-1)?
-29
Let m(h) = -28*h**2 + 457*h - 365. Determine m(19).
-1790
Let h(s) = 1139*s + 48951. Give h(-43).
-26
Let q(l) = -l**2 - 110*l - 2246. Give q(-22).
-310
Let l(c) = -2*c**2 + 114161*c + 81. Give l(0).
81
Let g(j) = -840*j + 3352. What is g(4)?
-8
Let t(d) = -d**3 - 4*d**2 + 194*d - 510. Determine t(-17).
-51
Let l(g) = 99*g - 3805. Determine l(36).
-241
Let r(u) = -3*u**3 + 42*u**2 - 111*u - 72. Determine r(5).
48
Let s(l) = -129*l - 5077. Determine s(-35).
-562
Let v(m) = 2151*m - 260205. Determine v(121).
66
Let y(x) = x**2 - 206167*x + 1030864. What is y(5)?
54
Let q(b) = b**3 + 13*b**2 - 95*b - 13. Calculate q(-19).
-374
Let h(f) = -2*f**2 - 149*f - 1321. Give h(-56).
751
Let c(v) = 109*v**2 + 585*v + 2870. Give c(-5).
2670
Let n(m) = 24*m**3 + 143*m**2 - 5*m + 9. Give n(-6).
3
Let w(p) = -p**2 + 46*p + 161. What is w(54)?
-271
Let w(d) = -2*d**3 - 26*d**2 + 46*d - 395. Calculate w(-16).
405
Let p(u) = -953*u + 7951. What is p(8)?
327
Let c(j) = -j**2 + 486*j + 161435. Give c(-225).
1460
Let y(v) = 2*v**3 - 149*v**2 + 1765*v - 137987. Determine y(75).
13
Let b(s) = 256*s**3 - 29*s**2 - 24*s + 7. Calculate b(-1).
-254
Let s(g) = -35*g**3 - g**2 - 123*g + 3. Give s(0).
3
Let t(z) = 973*z**2 + 12647*z - 8. Give t(-13).
18
Let z(b) = 3*b**3 - 12*b**2 - 11153*b + 55685. What is z(5)?
-5
Let v(a) = -4*a**3 + 43*a**2 - 94*a - 5. Calculate v(7).
72
Let u(f) = -9098*f**2 + 136468*f - 26. Determine u(15).
-56
Let s(a) = a**3 + 18*a**2 + 34*a + 604. Determine s(-18).
-8
Let c(i) = -i**3 + 262*i**2 + 522*i + 1574. Give c(264).
-10
Let p(j) = -2104480*j + 23149281. Calculate p(11).
1
Let i(a) = -2*a**2 + 135*a + 543. Determine i(-5).
-182
Let d(m) = 34831*m - 174089. What is d(5)?
66
Let a(n) = 20*n**2 + 262*n + 688. Calculate a(-8).
-128
Let a(t) = -t**3 - 122*t**2 + 242*t - 1721. What is a(-124)?
-977
Let t(u) = -22288*u + 3632939. What is t(163)?
-5
Let b(h) = 1564*h + 641226. Calculate b(-410).
-14
Let o(j) = 17528*j - 5714136. Calculate o(326).
-8
Let j(y) = -38*y**2 + 404*y - 993. Give j(6).
63
Let l(r) = r**3 + 29*r**2 - 28*r - 2799. Determine l(-26).
-43
Let u(w) = -68*w**2 - 21*w - 92. What is u(-2)?
-322
Let y(s) = -14872*s + 14871. Calculate y(1).
-1
Let h(l) = 5*l**3 + 1217*l**2 + 484*l - 1157. What is h(-243)?
-671
Let d(l) = -2*l**3 + 137*l**2 - 253*l - 5068. What is d(66)?
14
Let s(g) = 5*g**2 + 7452*g - 14905. What is s(2)?
19
Let s(q) = -41308*q - 454441. What is s(-11)?
-53
Let r(g) = 10*g**3 + 447*g**2 + 295*g - 666. Determine r(-44).
-94
Let x(u) = 7*u**2 - 1631*u - 41223. Calculate x(-23).
-7
Let g(h) = -336*h + 6828. Determine g(23).
-900
Let l(p) = -209865*p - 1049171. Give l(-5).
154
Let c(x) = 17483*x + 402115. Calculate c(-23).
6
Let s(f) = f**3 - f**2 - 23*f - 15. Determine s(-3).
18
Let k(u) = 253*u + 132717. Calculate k(-525).
-108
Let n(k) = -k**3 + 101*k**2 + 8582*k - 320. Determine n(156).
-8
Let i(o) = -o**2 - 625*o - 7768. What is i(-13)?
188
Let n(h) = 75*h**2 + 14639*h + 2734. Calculate n(-195).
4
Let x(r) = 12*r**2 + 144*r - 54. Determine x(-15).
486
Let r(d) = 6012*d**2 - 42072*d - 61. Calculate r(7).
23
L